ctors of 13949395?
5, 83, 33613
What are the prime factors of 21564712?
2, 13, 101, 2053
List the prime factors of 515980.
2, 5, 25799
List the prime factors of 788074.
2, 7, 181, 311
List the prime factors of 54809.
23, 2383
List the prime factors of 4169899.
61, 197, 347
What are the prime factors of 5943283?
283, 21001
What are the prime factors of 1039018?
2, 519509
List the prime factors of 411602.
2, 131, 1571
List the prime factors of 21725.
5, 11, 79
What are the prime factors of 1184740?
2, 5, 37, 1601
List the prime factors of 12279993.
3, 11, 372121
List the prime factors of 170701.
170701
List the prime factors of 30953071.
19, 1629109
What are the prime factors of 33601?
33601
What are the prime factors of 3925816?
2, 47, 53, 197
What are the prime factors of 9514813?
7, 11, 29, 4261
List the prime factors of 112417.
79, 1423
What are the prime factors of 285672?
2, 3, 11903
List the prime factors of 200385.
3, 5, 61, 73
What are the prime factors of 823817?
59, 13963
What are the prime factors of 8524200?
2, 3, 5, 14207
What are the prime factors of 6734241?
3, 748249
What are the prime factors of 544058?
2, 272029
What are the prime factors of 233567?
19, 647
What are the prime factors of 9849907?
239, 41213
What are the prime factors of 201551?
7, 28793
List the prime factors of 1022088.
2, 3, 37, 1151
What are the prime factors of 1334627?
7, 37, 5153
List the prime factors of 4237944.
2, 3, 29, 6089
What are the prime factors of 16141046?
2, 8070523
List the prime factors of 48023.
48023
List the prime factors of 511209.
3, 79, 719
List the prime factors of 340946.
2, 170473
List the prime factors of 9927853.
13, 97, 7873
List the prime factors of 164502.
2, 3, 13, 19, 37
List the prime factors of 1224949.
11, 19, 5861
What are the prime factors of 16726911?
3, 23, 242419
What are the prime factors of 154455?
3, 5, 7, 1471
List the prime factors of 633428.
2, 158357
List the prime factors of 4329238.
2, 2164619
What are the prime factors of 14495540?
2, 5, 724777
What are the prime factors of 16272052?
2, 827, 4919
What are the prime factors of 13961276?
2, 7, 19, 23, 163
What are the prime factors of 1212908?
2, 353, 859
What are the prime factors of 729296?
2, 19, 2399
List the prime factors of 1177370.
2, 5, 23, 5119
List the prime factors of 179685.
3, 5, 11
List the prime factors of 4663201.
4663201
What are the prime factors of 2758325?
5, 19, 5807
What are the prime factors of 968999?
47, 53, 389
What are the prime factors of 5515123?
17, 324419
What are the prime factors of 5287653?
3, 7, 101, 277
List the prime factors of 1864841.
11, 169531
List the prime factors of 913416.
2, 3, 7, 5437
What are the prime factors of 458995?
5, 41, 2239
List the prime factors of 23198795.
5, 17, 272927
What are the prime factors of 587880?
2, 3, 5, 23, 71
List the prime factors of 28678.
2, 13, 1103
List the prime factors of 3593201.
3593201
What are the prime factors of 3496583?
31, 149, 757
What are the prime factors of 3843070?
2, 5, 7, 11, 23, 31
What are the prime factors of 205637?
19, 79, 137
List the prime factors of 230484.
2, 3, 19207
What are the prime factors of 54506?
2, 27253
List the prime factors of 7590509.
7590509
List the prime factors of 22823.
29, 787
What are the prime factors of 230472?
2, 3, 11, 97
What are the prime factors of 2348723?
13, 19, 37, 257
What are the prime factors of 1854897?
3, 11, 56209
List the prime factors of 15700.
2, 5, 157
What are the prime factors of 295850?
2, 5, 61, 97
List the prime factors of 13290619.
23, 61, 9473
What are the prime factors of 416573?
416573
What are the prime factors of 305035?
5, 61007
List the prime factors of 4254992.
2, 7, 37991
What are the prime factors of 6377166?
2, 3, 347, 1021
What are the prime factors of 16894775?
5, 101, 6691
List the prime factors of 87162.
2, 3, 73, 199
What are the prime factors of 934846?
2, 11, 3863
What are the prime factors of 179557?
7, 113, 227
What are the prime factors of 421309?
7, 139, 433
What are the prime factors of 12167357?
12167357
List the prime factors of 5479808.
2, 31, 1381
List the prime factors of 10087515.
3, 5, 97, 2311
What are the prime factors of 278703?
3, 173, 179
List the prime factors of 337118.
2, 168559
What are the prime factors of 5297522?
2, 2648761
What are the prime factors of 10306692?
2, 3, 11, 17, 1531
List the prime factors of 3815403.
3, 37, 929
What are the prime factors of 1108708?
2, 277177
List the prime factors of 358676.
2, 89669
What are the prime factors of 4542082?
2, 2271041
What are the prime factors of 1570524?
2, 3, 29, 4513
What are the prime factors of 1054348?
2, 19, 13873
List the prime factors of 42014354.
2, 43, 488539
List the prime factors of 1168631.
17, 68743
What are the prime factors of 9900643?
9900643
List the prime factors of 4114933.
149, 27617
What are the prime factors of 8496446?
2, 7, 61, 9949
List the prime factors of 2296587.
3, 19, 43, 937
List the prime factors of 10920264.
2, 3, 455011
List the prime factors of 4586301.
3, 41, 1381
List the prime factors of 9732729.
3, 31, 229, 457
What are the prime factors of 1282651?
263, 4877
List the prime factors of 15541753.
19, 817987
List the prime factors of 3332600.
2, 5, 19, 877
What are the prime factors of 1777?
1777
List the prime factors of 642178.
2, 547, 587
List the prime factors of 30063.
3, 11, 911
What are the prime factors of 4589595?
3, 5, 33997
What are the prime factors of 1054128?
2, 3, 21961
What are the prime factors of 6782517?
3, 7, 199, 541
List the prime factors of 145323.
3, 67, 241
What are the prime factors of 90376?
2, 11, 13, 79
List the prime factors of 2142654.
2, 3, 357109
List the prime factors of 128357.
47, 2731
What are the prime factors of 1030425?
3, 5, 11, 1249
What are the prime factors of 11056471?
11056471
What are the prime factors of 10985755?
5, 11, 199741
What are the prime factors of 2508687?
3, 278743
What are the prime factors of 663484?
2, 37, 4483
List the prime factors of 2903985.
3, 5, 7, 439
List the prime factors of 14403052.
2, 3600763
What are the prime factors of 254434?
2, 127217
List the prime factors of 6696259.
6696259
What are the prime factors of 468785?
5, 29, 53, 61
What are the prime factors of 253706?
2, 47, 2699
What are the prime factors of 9536237?
23, 53, 7823
List the prime factors of 22674517.
41, 553037
List the prime factors of 1837688.
2, 229711
List the prime factors of 6688508.
2, 839, 1993
List the prime factors of 272097.
3, 7, 617
What are the prime factors of 105818?
2, 157, 337
List the prime factors of 370945.
5, 74189
What are the prime factors of 6959576?
2, 13, 66919
What are the prime factors of 2092048?
2, 7, 18679
What are the prime factors of 3180316?
2, 795079
What are the prime factors of 28143253?
29, 970457
List the prime factors of 1564981.
11, 142271
List the prime factors of 5548203.
3, 67, 3067
List the prime factors of 24988500.
2, 3, 5, 617
List the prime factors of 9549149.
29, 329281
What are the prime factors of 2958970?
2, 5, 7, 41, 1031
What are the prime factors of 1093719?
3, 11, 23, 131
What are the prime factors of 320771?
11, 241
List the prime factors of 3541862.
2, 23, 37, 2081
What are the prime factors of 25280875?
5, 263, 769
What are the prime factors of 5569661?
43, 129527
What are the prime factors of 1075823?
7, 153689
What are the prime factors of 2594571?
3, 7, 123551
What are the prime factors of 144995?
5, 47, 617
List the prime factors of 10167114.
2, 3, 61, 27779
List the prime factors of 27884328.
2, 3, 67, 17341
List the prime factors of 16977792.
2, 3, 13, 19, 179
List the prime factors of 50833.
50833
List the prime factors of 6286475.
5, 13, 23, 29
What are the prime factors of 17121804?
2, 3, 7, 317, 643
List the prime factors of 2723520.
2, 3, 5, 2837
What are the prime factors of 1161113?
1161113
List the prime factors of 315175.
5, 7, 1801
List the prime factors of 2903448.
2, 3, 120977
What are the prime factors of 3476907?
3, 7, 229, 241
What are the prime factors of 2184305?
5, 307, 1423
What are the prime factors of 11199250?
2, 5, 44797
What are the prime factors of 694632?
2, 3, 103, 281
What are the prime factors of 929642?
2, 7, 66403
What are the prime factors 